+ 86 - (s - -10).
2, 41
Let k be 207 + (-2 - -2) - -2. Suppose -23*y + 42*y + 2394 = 0. Let f = y + k. List the prime factors of f.
83
What are the prime factors of 1956972/60 + (-28)/35*3/12?
2, 3, 151
Let o(u) = 2*u - 11. Let x = -43 - -47. Let g be o(x). List the prime factors of g/(-3)*-46*3/(-6).
23
List the prime factors of (((-7318)/4)/(33/(-66)))/(1/2).
2, 3659
Suppose 2*x - 762 = h, -x - 4*h + 1165 = 2*x. Suppose v + j - x = 0, j + 0*j - 2 = 0. Suppose -5*d = -8*d + v. List the prime factors of d.
127
What are the prime factors of ((-36)/(13 + -4))/(2 - (-3744)/(-1871))?
2, 1871
Let u = 15650 - 4664. List the prime factors of u.
2, 3, 1831
Let z(y) = 5*y**3 - 48*y**2 - 58*y + 71. List the prime factors of z(21).
2, 5, 2399
Suppose -22*l = -4*l + 31140. Let r = -994 - l. List the prime factors of r.
2, 23
Suppose 7*j - 272 = 36. Suppose g + j = 1690. What are the prime factors of g?
2, 823
Suppose -5 = -g, -198*g = 5*o - 197*g - 67825. What are the prime factors of o?
2, 3391
Suppose -o - 258825 = -6*o. List the prime factors of o.
3, 5, 7, 17, 29
Suppose 3*p - 1 - 8 = 0. Suppose -p*n + n = -232. Suppose -n = -5*c - 6. What are the prime factors of c?
2, 11
Suppose 2*j - j = 3*g + 386, -g = -j + 132. Let v = g + 317. List the prime factors of v.
2, 5, 19
Let l = -974 + 4467. Suppose -l - 3617 = -9*y. What are the prime factors of y?
2, 5, 79
Let m = -392 + 390. List the prime factors of (m + 54/4)/((-9)/(-54)).
3, 23
Let a(i) = -i**2 - 20*i + 7. Let d(k) = -k**3 + k**2 + 2*k + 9. Let v be d(4). Let s = v - -19. List the prime factors of a(s).
103
Suppose -5 - 4 = d - c, d - 3*c + 17 = 0. What are the prime factors of (d + 4)/(1/(-379))?
379
Suppose 24*a = -131*a + 793755. What are the prime factors of a?
3, 569
Let i be (-76)/2*(-212)/(-8). Let p = -657 - i. List the prime factors of p.
2, 5, 7
Let l(p) = 41*p**2 - 36*p + 22. Let b be l(10). Suppose 0 = 31*i - 40*i + b. List the prime factors of i.
2, 11, 19
Let h(w) = 805*w + 12770. What are the prime factors of h(66)?
2, 5, 659
List the prime factors of -5*(6 + 18117/(-15)).
3, 2003
Suppose 5*v + 3*p - 222 - 63 = 0, 5*v - 4*p = 250. List the prime factors of 9659/9 - 12/v.
29, 37
Let d(x) = 8*x**2 + 3*x + 8. Let n be (2*3)/((9 - -1) + -11). What are the prime factors of d(n)?
2, 139
Suppose 20976 = 67*v + 2*v. What are the prime factors of v?
2, 19
Let l(z) = z**2 - z + 167. Let o = -70 + 70. Suppose -2*d = -o*d - d. List the prime factors of l(d).
167
Suppose -4*d - t + 15212 = 0, -5*t + 4416 = 2*d - 3172. What are the prime factors of d?
2, 3, 317
Suppose -3*p = 3*j - 39, -2*j = -p - p - 46. Let o(i) = -i**3 + 19*i**2 + i - 12. What are the prime factors of o(j)?
2, 3, 5, 11
List the prime factors of (-460)/(-6)*(8 + (-1862)/(-5)).
2, 23, 317
Suppose -32*p - 1484 = -25*p. Let a = -11 - p. List the prime factors of a.
3, 67
List the prime factors of ((-10596)/9)/(-6*(-6)/(-486)).
2, 3, 883
Let j(g) = -76*g**3 + 11*g**2 + 43*g + 67. List the prime factors of j(-4).
3, 5, 7, 47
Let w = 68 + -60. Suppose w*c - 4*c = 1204. What are the prime factors of c?
7, 43
Let k(t) = -t**3 - 2*t**2 + 6. Let m be k(-2). Suppose -h + z - 758 = -m*h, 0 = -h - z + 150. Let c = h + -99. List the prime factors of c.
53
Let i = 1820 - -565. Suppose 119*n - 124*n = -i. What are the prime factors of n?
3, 53
Let l(m) = 32*m**2 + 57*m + 558. List the prime factors of l(-9).
3, 293
Let z(n) = 28360*n**2 - 7*n - 14. What are the prime factors of z(-1)?
3, 13, 727
Let l(r) = 640*r**2 - 43*r - 226. What are the prime factors of l(-7)?
5, 6287
Suppose 115*z - 120*z = -44250. List the prime factors of z.
2, 3, 5, 59
Let k(r) = 9*r - 4. Suppose -2*h - 133 = -27. Let d = -42 - h. What are the prime factors of k(d)?
5, 19
What are the prime factors of (-4)/(2 - 62)*-6 - 809184/(-10)?
2, 40459
Let b = -284 - -413. Let n = b - -228. What are the prime factors of n?
3, 7, 17
Suppose -420*y + 432*y - 97476 = 0. List the prime factors of y.
8123
Let v = 29 + -26. Suppose 0 = n - 1 - 1. Suppose v*o + 5*w - 49 = 0, -n*o + 2*w = w - 11. What are the prime factors of o?
2
Let g(j) = -j**2 + 16*j + 33. Suppose -4*s = 4*t - 7*s - 11, 4*s - 2 = -3*t. Suppose 9 = -3*a - 6, -t*o = 4*a - 8. What are the prime factors of g(o)?
61
Let b = -47 + 50. Suppose -i = 3*g - 113, 2*g = -b*i + g + 347. Suppose 0 = 3*q - y - 641, -q + 76 = 4*y - i. List the prime factors of q.
2, 53
What are the prime factors of 26857 - (1 + 13 - 16)?
3, 7, 1279
Suppose -11*x + 8*x = -2*i - 106963, -178274 = -5*x + 3*i. What are the prime factors of x?
13, 211
Suppose -75*t = -76*t + 3311. What are the prime factors of t?
7, 11, 43
Let p be 5 + (-21)/(-9) - (-6)/9. Let o(a) = 48*a + 13. Let y be o(p). Let q = -226 + y. What are the prime factors of q?
3, 19
Let t(h) be the third derivative of -h**6/120 - h**5/60 - h**4/6 + 11*h**3/6 - 5*h**2. Let y be t(4). Let x = 119 + y. List the prime factors of x.
2, 17
Suppose g + 5*i - 678 = 0, 20 = 13*i - 8*i. Suppose 20*v - 18*v = g. What are the prime factors of v?
7, 47
Suppose 6*x - 10*x = -2*i + 6264, 6288 = 2*i + 4*x. List the prime factors of i.
2, 3, 523
Let p(h) be the third derivative of -h**5/60 - 7*h**4/8 + 2*h**3 - 2*h**2 - 18. List the prime factors of p(-17).
2, 5
Let w(i) = -i**3 + 24*i**2 - 10*i + 2. Let n be w(17). Suppose 0 = -6*k - k + n. List the prime factors of k.
5, 53
Let i(f) = -43*f**3 + 63*f**2 + 412*f - 10. What are the prime factors of i(-6)?
2, 13, 349
Let s be 112/((-2 - -4)/2). Suppose 0 = -d - 2*n + 108, 0*n + s = d + n. Suppose 370 = 3*o - d. What are the prime factors of o?
2, 3
Suppose 5*k + 25 = 0, 2*v - 123 = 3*k - 4*k. Let r = v - -64. List the prime factors of r.
2
Suppose 3*q - 176109 - 108603 = -5*f, 3*q = -3*f + 170832. List the prime factors of f.
2, 3, 5, 13, 73
Let i(b) = -29*b**3 - 2*b**2 + 3*b + 4. Let d be i(-2). Let z be (-3 - -6)/(3/d). Suppose 68 = 5*h - z. What are the prime factors of h?
2, 29
Let i(k) = -80*k**3 - 6*k**2 + 9*k + 10. List the prime factors of i(-4).
2, 3, 7, 17
Suppose 5*f - 121 = 2*f + 2*q, -2*q = 3*f - 101. Suppose -40*v + f*v + 127 = r, 2*v - 2*r = 82. List the prime factors of v.
2, 3, 7
Suppose -39256 - 114912 = -56*o. List the prime factors of o.
2753
Let r be 66/891 + 2 + 7122/81. Let d(j) = 4*j**3 - 2*j**2 + 2*j - 1. Let u be d(1). What are the prime factors of r*(-1)/(u/(-3))?
2, 3, 5
Suppose 192*y - 246*y + 524826 = 0. What are the prime factors of y?
9719
Let y(f) = 9*f**2 - 947*f + 175. What are the prime factors of y(110)?
3, 5, 109
Let n(k) = 76*k + 21. Let w be n(-2). Suppose -m = -2*c - 224, -4*m + 866 = -6*c + 4*c. Let r = w + m. What are the prime factors of r?
83
List the prime factors of 7293 + ((-4)/(-10))/((-110)/(-1925)).
2, 5, 73
Let j(t) = -3*t**3 + 62*t**2 + 68*t + 44. Let g(w) = -w**3 + 31*w**2 + 35*w + 22. Let d(l) = -5*g(l) + 2*j(l). List the prime factors of d(-30).
2, 31
Let j = 4720 - 3053. Suppose j = 13*g - 686. What are the prime factors of g?
181
Let g(o) be the first derivative of -1/3*o**3 + 19/2*o**2 - 15*o - 2. List the prime factors of g(7).
3, 23
Suppose -2*r + 10 = -6*z + 2*z, 0 = -5*r + 4*z + 19. Suppose 4*g = 7*p - 5*p + 484, r*g + 5*p = 363. What are the prime factors of g?
11
Suppose 7*c = -c - 316 + 3436. List the prime factors of c.
2, 3, 5, 13
Suppose 8*k + 3378 = 3*y + 5*k, -5*k = -y + 1106. Let g(u) = -2*u. Let s be g(-4). Suppose -y = -s*r - 179. What are the prime factors of r?
7, 17
Let a be (-65890)/45 - (12/27)/(-2). Let z = a - -2710. List the prime factors of z.
2, 7, 89
Let q(b) be the second derivative of 19*b**5/20 - b**4/12 + b**3/3 - b**2/2 - 21*b - 24. Suppose -3 = 2*f - 7. What are the prime factors of q(f)?
151
Let z(x) = 37*x**3 - 9*x**2 + 3*x + 4. Let q be z(6). Suppose -78 = 11*g - q. What are the prime factors of g?
2, 173
Let n be 3 + -2 + 2 - -32. Suppose 0 = 14*i - 13*i - 25. Suppose -i = -3*f + n. What are the prime factors of f?
2, 5
Let k be -1*(-2234 + 5)/3. Let b = k + -310. What are the prime factors of b?
433
Suppose 4*k + 3*x = 219, k - 5*k + x + 215 = 0. Let c be (6/(-4))/(k/(-72)). Suppose -3*p + c*p = -28. List the prime factors of p.
2, 7
Let w be (2 - -2)*((-14)/(-4) + -3). Let m(b) = 15 + 13*b + 0*b**2 + 0*b**2 + 4*b**2 - 3*b**w. What are the prime factors 